9080?
6
What is the ten thousands digit of 1118774750?
7
What is the ten millions digit of 288298767?
8
What is the hundred thousands digit of 80022010?
0
What is the thousands digit of 201567840?
7
What is the hundreds digit of 1016945813?
8
What is the tens digit of 6151413426?
2
What is the thousands digit of 42481622?
1
What is the units digit of 99707994?
4
What is the hundreds digit of 347368978?
9
What is the thousands digit of 1025889278?
9
What is the hundred thousands digit of 545312059?
3
What is the hundreds digit of 5785684?
6
What is the ten millions digit of 66949190?
6
What is the thousands digit of 6126112342?
2
What is the hundred thousands digit of 182666262?
6
What is the tens digit of 20299926?
2
What is the ten millions digit of 38136466?
3
What is the thousands digit of 14133636?
3
What is the ten thousands digit of 1925435586?
3
What is the thousands digit of 1030962953?
2
What is the hundred millions digit of 330738095?
3
What is the tens digit of 915250?
5
What is the hundreds digit of 184731768?
7
What is the hundred thousands digit of 8549701?
5
What is the tens digit of 24106921?
2
What is the hundred millions digit of 158171880?
1
What is the millions digit of 183005283?
3
What is the thousands digit of 401235332?
5
What is the ten thousands digit of 1111192559?
9
What is the hundred thousands digit of 34332151?
3
What is the ten millions digit of 863746369?
6
What is the millions digit of 906835271?
6
What is the thousands digit of 167472343?
2
What is the units digit of 11538093?
3
What is the ten millions digit of 63926744?
6
What is the hundred thousands digit of 2358500480?
5
What is the ten millions digit of 687348700?
8
What is the tens digit of 529816693?
9
What is the hundred millions digit of 1311979920?
3
What is the ten thousands digit of 58418830?
1
What is the tens digit of 36995409?
0
What is the units digit of 4009480008?
8
What is the ten thousands digit of 832509454?
0
What is the millions digit of 437506750?
7
What is the ten millions digit of 65021350?
6
What is the hundred thousands digit of 2555717474?
7
What is the hundred thousands digit of 1561822746?
8
What is the millions digit of 153416997?
3
What is the tens digit of 290150317?
1
What is the tens digit of 7234270?
7
What is the thousands digit of 235178314?
8
What is the ten thousands digit of 50581420?
8
What is the hundred millions digit of 122994308?
1
What is the hundreds digit of 72331251?
2
What is the ten millions digit of 90021219?
9
What is the ten thousands digit of 3682552059?
5
What is the hundreds digit of 86050488?
4
What is the units digit of 100730202?
2
What is the units digit of 24023705?
5
What is the millions digit of 5210678443?
0
What is the thousands digit of 37054144?
4
What is the units digit of 17645738?
8
What is the hundred thousands digit of 15050494?
0
What is the thousands digit of 184022940?
2
What is the hundred thousands digit of 41320518?
3
What is the units digit of 805088786?
6
What is the hundred millions digit of 4551790488?
5
What is the hundred millions digit of 1463605224?
4
What is the ten thousands digit of 126684152?
8
What is the millions digit of 1925148341?
5
What is the millions digit of 2899091252?
9
What is the units digit of 454767575?
5
What is the millions digit of 2941177?
2
What is the ten thousands digit of 409689737?
8
What is the hundred millions digit of 254211903?
2
What is the units digit of 965435143?
3
What is the ten millions digit of 386789268?
8
What is the ten thousands digit of 1011543502?
4
What is the thousands digit of 63452795?
2
What is the thousands digit of 67894252?
4
What is the hundred thousands digit of 328242261?
2
What is the millions digit of 121399138?
1
What is the hundred thousands digit of 297140832?
1
What is the hundreds digit of 496757293?
2
What is the hundred millions digit of 120595005?
1
What is the millions digit of 91571029?
1
What is the thousands digit of 219565283?
5
What is the thousands digit of 239789105?
9
What is the ten thousands digit of 45378492?
7
What is the ten millions digit of 1083826203?
8
What is the tens digit of 214012514?
1
What is the hundred thousands digit of 323652891?
6
What is the hundreds digit of 3509655075?
0
What is the ten thousands digit of 10709098?
0
What is the hundreds digit of 56017213?
2
What is the ten millions digit of 146331153?
4
What is the millions digit of 880984242?
0
What is the hundred thousands digit of 70053956?
0
What is the hundred thousands digit of 227417277?
4
What is the thousands digit of 81469719?
9
What is the units digit of 698614720?
0
What is the hundreds digit of 249419231?
2
What is the thousands digit of 37998512?
8
What is the tens digit of 2300736806?
0
What is the ten thousands digit of 33945522?
4
What is the hundred thousands digit of 1057512278?
5
What is the units digit of 7707829?
9
What is the tens digit of 30423341?
4
What is the ten millions digit of 354620416?
5
What is the ten millions digit of 87318609?
8
What is the hundred thousands digit of 163997139?
9
What is the ten thousands digit of 272970904?
7
What is the hundred thousands digit of 516534375?
5
What is the tens digit of 15593727?
2
What is the tens digit of 158574052?
5
What is the thousands digit of 63769952?
9
What is the tens digit of 341957837?
3
What is the thousands digit of 872390031?
0
What is the hundred thousands digit of 2986401?
9
What is the thousands digit of 7302792290?
2
What is the ten thousands digit of 2499931508?
3
What is the ten millions digit of 1521140869?
2
What is the ten thousands digit of 212159600?
5
What is the hundred millions digit of 290170092?
2
What is the hundreds digit of 216411820?
8
What is the billions digit of 4775040358?
4
What is the ten thousands digit of 8052696?
5
What is the ten thousands digit of 4049470105?
7
What is the hundreds digit of 550986222?
2
What is the hundred thousands digit of 33788617?
7
What is the ten thousands digit of 307522976?
2
What is the thousands digit of 168876011?
6
What is the units digit of 657463202?
2
What is the ten millions digit of 29163026?
2
What is the tens digit of 6780673401?
0
What is the millions digit of 342838001?
2
What is the hundred thousands digit of 169556609?
5
What is the units digit of 89241938?
8
What is the tens digit of 288117573?
7
What is the hundred thousands digit of 132241363?
2
What is the tens digit of 3278700433?
3
What is the millions digit of 381801142?
1
What is the billions digit of 2775088927?
2
What is the units digit of 1160855123?
3
What is the hundred millions digit of 1997569837?
9
What is the millions digit of 8385549676?
5
What is the hundred thousands digit of 70820417?
8
What is the units digit of 152648280?
0
What is the hundred thousands digit of 3984699019?
6
What is the tens digit of 290255389?
8
What is the ten millions digit of 251112697?
5
What is the tens digit of 1019160340?
4
What is the billions digit of 1445061256?
1
What is the hundred millions digit of 753127554?
7
What is the tens digit of 1293133939?
3
What is the hundred thousands digit of 5635697576?
6
What is the millions digit of 3534091020?
4
What is the hundred thousands digit of 1907645128?
6
What is the hundreds digit of 3448961847?
8
What is the tens digit of 91807501?
0
What is the hundred millions digit of 1890690523?
8
What is the ten millions digit of 1104578692?
0
What is the ten thousands digit of 10051964?
5
What is the ten millions digit of 1091901533?
9
What is the tens digit of 63746212?
1
What is the millions digit of 3233779746?
3
What is the hundreds digit of 38746398?
3
What is the thousands digit of 586697?
6
What is the millions digit of 166457441?
6
What is the hundred millions digit of 244596291?
2
What is the hundred thousands digit of 5088522?
0
What is the tens digit of 1009848050?
5
What is the hundred thousands digit of 139531777?
5
What is the billions digit of 1453884566?
1
What is the ten thousands digit of 181719897?
1
What is the ten thousands digit of 1491646512?
4
What is the thousands digit of 237321556?
1
What is the ten thousands digit of 4438042337?
4
What is the millions digit of 2964529883?
4
What is the thousands digit of 1601671638?
1
What is the hundred thousands 